-12 - 2*(-3 - -2). Let j be (m - -2 - 0)*-7. What is the greatest common divisor of j and r?
4
Suppose -447468 - 286499 = 4*u - 47*u. Calculate the highest common divisor of u and 507.
169
Let z(d) = -8*d + 181. Suppose 152*v - 96 = 146*v. Let h be z(v). What is the greatest common divisor of h and 848?
53
Let h(j) = -225*j + 190. Let d be h(-11). What is the greatest common factor of d and 195?
65
Suppose 5*v - 55 = -0*v + 10*p, -49 = -3*v - 2*p. What is the greatest common divisor of 99 and v?
3
Let k = 1058 + -600. Suppose -932 = -4*v - 2*i + 4*i, 5*i + k = 2*v. What is the highest common divisor of v and 72?
18
Suppose -15538 = 107*x - 135*x + 67342. What is the greatest common divisor of 100 and x?
20
Let t = 366 + -234. Let u(i) = 12*i**2 - 2*i - 2. Let f be u(-1). What is the highest common factor of f and t?
12
Suppose 519 = 5*d - 206. Let t(q) = -1286*q - 3800. Let h be t(-3). What is the highest common factor of h and d?
29
Let w(o) = -5*o**2 + 86*o - 61. Let y be w(15). Let j(x) = -2*x**3 - 6*x**2 + x + 4. Let d be j(-4). What is the greatest common divisor of y and d?
8
Let n = 173 + 437. Suppose -4*r + 64 = -3*y, 9*r - 26*y = 4*r + 258. Calculate the highest common divisor of r and n.
10
Let m(q) = 2*q + 1. Let y(x) = -4*x - 2. Let k(u) = -13*m(u) - 6*y(u). Suppose -3*t - 58 = 26*t. Let n be k(t). Calculate the highest common factor of 21 and n.
3
Let x(k) = 3*k + 5. Let u be x(11). Suppose -5*m = -u - 17. Let h be 442/10 - (-20 - -10)/(-50). What is the highest common factor of m and h?
11
Let m be 12/30*10 - (-162)/(-54). Let o = -49 + 80. Calculate the highest common factor of o and m.
1
Let w be -102 - 4*(-12)/(-8). Let j = w + 120. Let o be 214/6 - 2/(-6). What is the highest common divisor of o and j?
12
Suppose -30*x - 20248 = -34*x + 4*w, -10152 = -2*x - 5*w. Calculate the highest common factor of 221 and x.
17
Let h be 1/2 + 45/6. Let n = 280 - 277. Let j = 43 - n. Calculate the greatest common divisor of j and h.
8
Let z = -527 - -544. Suppose 15*u + z*u - 3072 = 0. What is the greatest common divisor of u and 80?
16
Let i = -280 - -285. Suppose 205 = -2*v + 7*v + a, -i*a - 25 = 0. Calculate the highest common divisor of v and 18.
6
Let i(o) = -o**3 + 44*o**2 - 287*o - 16. Let m be i(36). What is the highest common factor of 404 and m?
4
Suppose 0 = 124*r + 13302 - 44302. Calculate the highest common divisor of 530 and r.
10
Suppose -8 = 8*g - 9*g. Suppose 510 = 2*b - g. Suppose -4*f - 20 = 0, -5*q + 6*f - 3*f = -200. Calculate the highest common factor of b and q.
37
Suppose -1652 + 923 = -3*l. Calculate the greatest common divisor of 2025 and l.
81
Let s(y) = 26*y**3 - y - 14*y**2 + 1 - 25*y**3 + 13*y. Let a be s(13). Let i be (-52)/(-9) + a/(-54). What is the highest common factor of i and 48?
6
Let f be (72/10)/((-66)/(-330)). Suppose -2*l + 4*b = -f, -4*l - b - 3*b + 60 = 0. What is the greatest common divisor of l and 12?
4
Let l(f) = -5*f**2 - 2*f - 24. Let c be l(-6). Let b be (c/(-6))/((-4)/(-2)). What is the greatest common divisor of b and 128?
16
Suppose -67*f + 73*f - 228 = 0. What is the greatest common divisor of 2071 and f?
19
Let h = -3703 - -3815. Calculate the greatest common divisor of h and 3304.
56
Let c(u) = 2*u**2 - 5*u + 3. Let s be c(3). Let h be (-4)/s + (-1164)/(-18). Suppose -8902 - 17402 = -822*v. What is the greatest common factor of h and v?
32
Suppose -4*k - 26*q = -28*q - 1288, -4*k + 4*q + 1296 = 0. What is the highest common divisor of k and 520?
40
Suppose 3*g + h - 364 = -2*g, -2*g + 3*h = -132. Let l = 20 + -8. Suppose x = 2*i - x - l, 0 = -i + 5*x - 2. What is the highest common divisor of g and i?
8
Let u(s) be the third derivative of -s**6/120 - s**5/10 - s**4/4 + 5*s**3/3 + 47*s**2. Let v be u(-5). What is the greatest common factor of 30 and v?
15
Suppose i + 0 = 5*t - 2, 22 = 3*i - t. Let b be i/(-1 - 1 - -4). Let y be -3*8/56 - (-135)/21. Calculate the greatest common factor of b and y.
2
Let o(j) = 0*j**2 + 5 - 3*j - 29 + j**2 + 0*j. Let k be o(-15). Let c = -146 + k. What is the highest common factor of c and 20?
20
Let t = -391 + 864. Suppose 1617 = 26*n + t. Calculate the highest common divisor of 16 and n.
4
Let q(d) = -4*d**2 + 72*d + 2. Let x be q(6). Let g = -584 + 604. Calculate the highest common divisor of g and x.
10
Suppose -111*n + 63*n + 55*n - 2058 = 0. What is the highest common factor of 72 and n?
6
Suppose 0 = -2*o + 12 - 6. Let x be (5/(-1 + 6))/(1/o). Suppose 0 = x*n - 4*u - u - 42, -3*n + 36 = -3*u. What is the highest common divisor of n and 117?
9
Suppose 5*m = -2*z + 81, z + 32 = 2*m + 2*z. Suppose m*y - 35 = 10*y. What is the greatest common factor of 65 and y?
5
Suppose -81*v + 38588 = 13478. What is the greatest common factor of 13485 and v?
155
Let b = -5933 + 5934. What is the greatest common divisor of b and 1500?
1
Suppose -12 = 3*n, u - 3*n = 18 - 2. Suppose 0 = u*h - 3*h - 98. What is the greatest common divisor of h and 7?
7
Let b(p) = 6 - 55*p + 8 - 7 - 3*p**3 - 3*p**2 + 4*p**3. Let f be b(-6). Calculate the greatest common factor of 4 and f.
1
Let c(u) = -7*u - 33. Let d be c(-7). Let t be 2 - 135/(-6)*d/20. Let l be 26 - 9/((-45)/t). What is the highest common divisor of l and 12?
6
Suppose -q + 2507 = n, -3*q + 28*n - 24*n = -7577. Calculate the highest common divisor of 5 and q.
5
Suppose -4*k = 2*q + 492, -4*k + 2*q - 500 = -0*q. Let y = 175 + k. Let u be 56/(-84)*(-15)/2 - -29. What is the highest common divisor of u and y?
17
Let c(r) = r**3 + 8*r**2 - 3*r - 31. Let p be c(-7). Let u = p - -379. What is the highest common divisor of u and 38?
38
Suppose 19765 = 4*k - a, -k + 4955 = -4*a + a. What is the greatest common divisor of k and 1170?
130
Let j be 4/(-6) - ((-17)/3 + -4). Let b be (-28)/(-6) + ((-12)/j)/(-4). Suppose b*p + 320 = 15*p. Calculate the highest common factor of p and 352.
32
Suppose -5*z + 10 = 6*z - 650. Calculate the greatest common divisor of z and 460.
20
Let m be ((-1978)/(-69))/(2/57). What is the greatest common divisor of 38 and m?
19
Suppose 2*r - 5*r - 3*w = -5985, 2*r - 3987 = -3*w. Let u = -7916 - -7990. What is the greatest common divisor of u and r?
74
Suppose 0 = 2*t - 5*c + 100 - 489, -7*t + 1347 = -3*c. What is the highest common divisor of 24 and t?
24
Suppose -5*w + 5*u + 0*u - 540 = 0, -108 = w - 2*u. Let n be (6 + -21)*(w/10 + 0). Calculate the greatest common factor of n and 12.
6
Let u = -35876 - -36341. Let v = -8 - -23. What is the greatest common factor of u and v?
15
Let n(x) = -x**2 + 23*x + 3. Let s be n(23). Let p(l) = -1 - 60*l**s - 48*l**3 + 76*l**3 - 2*l. Let k be p(-1). What is the greatest common divisor of k and 55?
11
Let d = -12463 + 12510. Suppose w - 8 = 1. Let j = d + w. Calculate the greatest common divisor of j and 7.
7
Let s be (-20)/30 + 24/9. Suppose -3*n - s*u = 47 - 156, -3*n = -4*u - 97. Let v = n - -25. What is the greatest common divisor of 12 and v?
12
Let p(d) = 5*d - 46. Let z be p(10). Suppose 989 = 2*v - 0*c - c, z*v = -5*c + 1971. Calculate the greatest common divisor of v and 26.
26
Suppose -k - c = k - 91, 2*k = 2*c + 76. Let z = k - 37. Let g be 4/z - (-2 - (-232)/(-3)). Calculate the highest common divisor of g and 10.
10
Suppose -2*s - 4*a + 1832 = 0, -2*s + 5*a + 1833 = 8*a. Let c = -911 + s. What is the greatest common divisor of c and 91?
7
Let n be 2800/2 + (7/2)/(833/1428). Calculate the greatest common factor of 1258 and n.
74
Let v be (-1 + 2/5)/((-84)/23100). Suppose -3*h - 5*r + 830 = 0, 3*h + 3*r - 694 = 134. What is the highest common divisor of v and h?
55
Suppose 1 = -5*x - 3*g, -x + 3 + 1 = 2*g. Let f be (-44)/(-55)*(-20)/x. Calculate the greatest common factor of 58 and f.
2
Let a = -285 - -301. Suppose -a*d = -12*d - 28. What is the highest common factor of d and 35?
7
Let x = 97 + -19. Suppose 4 = -2*h, 5*h - x = 2*a - 6*a. Calculate the highest common factor of 154 and a.
22
Let y be (6720/(-75))/((-3)/15). Calculate the highest common factor of y and 1216.
64
Let s(z) = 2*z**2 + 5*z + 12. Let m be s(-3). Let l(a) = 13*a + 6. Let k be l(2). Let y = k - 27. What is the highest common divisor of m and y?
5
Let l = 2 + 8. Let f = -16634 + 16714. Calculate the greatest common factor of l and f.
10
Suppose 25 = -h + 21. Let l(q) = -54*q